?
103
What is the remainder when 6002 is divided by 495?
62
What is the remainder when 178781 is divided by 101?
11
Calculate the remainder when 59198 is divided by 32.
30
What is the remainder when 95219 is divided by 25?
19
What is the remainder when 19478 is divided by 51?
47
What is the remainder when 642 is divided by 11?
4
What is the remainder when 242 is divided by 209?
33
Calculate the remainder when 26349629 is divided by 77.
75
Calculate the remainder when 91341 is divided by 109.
108
Calculate the remainder when 21444 is divided by 4287.
9
What is the remainder when 12547 is divided by 12546?
1
What is the remainder when 815284 is divided by 892?
888
Calculate the remainder when 20524 is divided by 6840.
4
Calculate the remainder when 702 is divided by 100.
2
Calculate the remainder when 5199 is divided by 287.
33
Calculate the remainder when 1583701 is divided by 99.
97
Calculate the remainder when 5400 is divided by 1152.
792
Calculate the remainder when 49891 is divided by 19.
16
Calculate the remainder when 4712 is divided by 1562.
26
Calculate the remainder when 132988 is divided by 155.
153
What is the remainder when 2357 is divided by 123?
20
Calculate the remainder when 556 is divided by 12.
4
What is the remainder when 119647 is divided by 119639?
8
Calculate the remainder when 117077 is divided by 247.
246
Calculate the remainder when 87276 is divided by 1322.
24
Calculate the remainder when 36381 is divided by 1732.
9
What is the remainder when 5011 is divided by 91?
6
What is the remainder when 54055 is divided by 118?
11
What is the remainder when 346 is divided by 148?
50
Calculate the remainder when 1110 is divided by 23.
6
Calculate the remainder when 31985 is divided by 3.
2
What is the remainder when 5283 is divided by 85?
13
What is the remainder when 15744 is divided by 59?
50
What is the remainder when 4206 is divided by 14?
6
Calculate the remainder when 62552 is divided by 20700.
452
Calculate the remainder when 97012 is divided by 1796.
28
What is the remainder when 3109 is divided by 70?
29
Calculate the remainder when 6956 is divided by 2312.
20
What is the remainder when 49755 is divided by 161?
6
What is the remainder when 910 is divided by 836?
74
Calculate the remainder when 7715132 is divided by 59.
56
Calculate the remainder when 41853 is divided by 480.
93
Calculate the remainder when 14276 is divided by 1655.
1036
Calculate the remainder when 501442 is divided by 915.
22
Calculate the remainder when 2504628 is divided by 730.
728
What is the remainder when 2754 is divided by 890?
84
What is the remainder when 43431 is divided by 43404?
27
What is the remainder when 6145 is divided by 91?
48
What is the remainder when 216629 is divided by 86?
81
What is the remainder when 1676 is divided by 230?
66
Calculate the remainder when 2743 is divided by 363.
202
Calculate the remainder when 345 is divided by 142.
61
What is the remainder when 9104 is divided by 9089?
15
What is the remainder when 31768 is divided by 3968?
24
What is the remainder when 4632 is divided by 354?
30
What is the remainder when 20952 is divided by 1100?
52
What is the remainder when 3166 is divided by 956?
298
What is the remainder when 28922 is divided by 117?
23
What is the remainder when 58280 is divided by 597?
371
What is the remainder when 55439 is divided by 101?
91
Calculate the remainder when 11505 is divided by 144.
129
What is the remainder when 735 is divided by 238?
21
Calculate the remainder when 11158 is divided by 413.
7
Calculate the remainder when 7177 is divided by 126.
121
Calculate the remainder when 37887 is divided by 30.
27
What is the remainder when 10981 is divided by 27?
19
Calculate the remainder when 65657 is divided by 47.
45
Calculate the remainder when 62816 is divided by 376.
24
Calculate the remainder when 5116 is divided by 68.
16
Calculate the remainder when 42614 is divided by 19.
16
What is the remainder when 62485 is divided by 20825?
10
Calculate the remainder when 20744 is divided by 10353.
38
What is the remainder when 279448 is divided by 246?
238
What is the remainder when 1544 is divided by 131?
103
What is the remainder when 98688 is divided by 22?
18
Calculate the remainder when 2703 is divided by 283.
156
What is the remainder when 36159 is divided by 266?
249
What is the remainder when 9763 is divided by 235?
128
What is the remainder when 6305469 is divided by 18?
15
Calculate the remainder when 1930512 is divided by 202.
200
Calculate the remainder when 176122 is divided by 214.
0
What is the remainder when 107558 is divided by 53755?
48
Calculate the remainder when 3228068 is divided by 63.
11
Calculate the remainder when 94654 is divided by 11.
10
Calculate the remainder when 6560 is divided by 277.
189
What is the remainder when 9476 is divided by 179?
168
Calculate the remainder when 6240 is divided by 2339.
1562
Calculate the remainder when 2989 is divided by 88.
85
What is the remainder when 142 is divided by 136?
6
What is the remainder when 25591 is divided by 3183?
127
What is the remainder when 4048 is divided by 814?
792
Calculate the remainder when 5047 is divided by 1668.
43
What is the remainder when 52426 is divided by 6553?
2
Calculate the remainder when 37159 is divided by 12386.
1
What is the remainder when 143902 is divided by 351?
343
What is the remainder when 46797 is divided by 66?
3
Calculate the remainder when 764602 is divided by 185.
182
Calculate the remainder when 251137 is divided by 125562.
13
What is the remainder when 5331 is divided by 224?
179
Calculate the remainder when 36390 is divided by 2288.
2070
What is the remainder when 1928 is divided by 219?
176
Calculate the remainder when 50779 is divided by 500.
279
What is the remainder when 38257 is divided by 3187?
13
What is the remainder when 634640 is divided by 43?
3
What is the remainder when 8673 is divided by 409?
84
What is the remainder when 13111 is divided by 173?
136
Calculate the remainder when 271304 is divided by 46.
42
What is the remainder when 42717 is divided by 3857?
290
What is the remainder when 51138 is divided by 17041?
15
What is the remainder when 79239 is divided by 135?
129
Calculate the remainder when 1314 is divided by 1169.
145
Calculate the remainder when 27447 is divided by 36.
15
Calculate the remainder when 25017 is divided by 278.
275
Calculate the remainder when 4376307 is divided by 51.
48
What is the remainder when 2221 is divided by 554?
5
Calculate the remainder when 33373 is divided by 814.
813
Calculate the remainder when 9669 is divided by 26.
23
What is the remainder when 2151 is divided by 264?
39
What is the remainder when 24520 is divided by 288?
40
Calculate the remainder when 69099 is divided by 63.
51
What is the remainder when 10798 is divided by 167?
110
What is the remainder when 439056 is divided by 1014?
1008
Calculate the remainder when 392836 is divided by 854.
850
What is the remainder when 21082 is divided by 3415?
592
Calculate the remainder when 954 is divided by 76.
42
What is the remainder when 57288 is divided by 14?
0
Calculate the remainder when 3595 is divided by 504.
67
What is the remainder when 2465 is divided by 468?
125
Calculate the remainder when 2032 is divided by 113.
111
Calculate the remainder when 33940 is divided by 16439.
1062
Calculate the remainder when 2002 is divided by 1992.
10
Calculate the remainder when 78570 is divided by 39.
24
What is the remainder when 95228 is divided by 22?
12
What is the remainder when 15865 is divided by 755?
10
Calculate the remainder when 163932 is divided by 45.
42
Calculate the remainder when 8922 is divided by 42.
18
Calculate the remainder when 86314 is divided by 20.
14
Calculate the remainder when 1071366 is divided by 314.
312
What is the remainder when 11917 is divided by 29?
27
Calculate the remainder when 8934 is divided by 513.
213
What is the remainder when 206719 is divided by 206697?
22
Calculate the remainder when 659995 is divided by 43.
31
Calculate the remainder when 35169 is divided by 6.
3
Calculate the remainder when 4694 is divided by 138.
2
Calculate the remainder when 26686 is divided by 196.
30
What is the remainder when 576548 is divided by 192178?
14